of p and u?
6
Let i(r) = 2*r + 16. Let t be i(-7). Suppose t*q = -4*q + 396. Let p(z) = z**2 + 5*z. Let a be p(-6). Calculate the greatest common factor of a and q.
6
Suppose -2*x - 4*x = -504. What is the highest common divisor of 21 and x?
21
Let p be (1 - -27)*6/(-4). Suppose 5*r = -4*w + w + 160, 0 = 3*w + r - 176. Let u = p + w. Calculate the highest common divisor of u and 27.
9
Suppose 5*i = -23 + 348. What is the greatest common divisor of 26 and i?
13
Let a = 1 - -1. Suppose -3*g - 5 = -u + a*u, -u = -g - 11. Let q be ((-1)/1 - -4)*u. Calculate the greatest common divisor of 3 and q.
3
Suppose -16 = -p + 34. What is the highest common factor of 10 and p?
10
Let o(k) = k**3 - k + 3. Let j be o(0). Suppose -3*z - 3 = 4*y - 1, 0 = -2*y + j*z + 8. What is the greatest common divisor of y and 5?
1
Suppose -2*r - 14 = -5*b, -5*b = -6*b - 5*r - 8. Suppose -11 - 7 = b*p. Let y be 2/(-6) + (-318)/p. Calculate the greatest common factor of y and 5.
5
Let k(a) = 4*a**2 + 2*a - 1. Let t be k(1). Let j = -203 + 213. What is the highest common divisor of j and t?
5
Suppose -5*c = -2*c - 15. Let h(y) = -12*y**2 - 2*y + 0*y + 8*y + 6 + y**3 + c*y. Let r be h(11). Calculate the highest common divisor of 12 and r.
6
Let o(f) = -f**3 - 7*f**2 - 13*f - 12. Let x be o(-5). What is the highest common factor of x and 8?
1
Let g be 2/((-9)/(-2) - 4). Let i(v) = v + 36. Let c be i(0). Calculate the greatest common divisor of g and c.
4
Suppose 0*u + 258 = 3*u. Let b = -174 - -316. Let h = b - u. Calculate the highest common divisor of 8 and h.
8
Let u be -3*6/27*3. Suppose 2*j - 124 = -3*c, 0 = -2*j + j + 5*c + 75. Let r be 1*(u/(-2) + j). What is the highest common divisor of r and 6?
6
Suppose 5*l - 17 = 88. Calculate the greatest common factor of 3 and l.
3
Suppose y = -3*f - 3*y + 39, 3*f - 24 = y. Let b be (-8)/2*(-18)/8. Calculate the highest common factor of b and f.
9
Suppose 4*c - 111 = 2*c - 5*o, -o = -2*c + 93. Suppose -64 = -5*n + 2*w + 2*w, -5 = 5*w. Calculate the greatest common divisor of c and n.
12
Suppose -2*c = 2*v - 36, 16*v = -c + 21*v + 30. Let i be (1/(-2))/1*-10. What is the greatest common factor of c and i?
5
Suppose 4*n = 5*k + 5*n - 535, 4*n = -20. What is the greatest common factor of k and 36?
36
Suppose -18 = -4*x + 18. Let g(u) = 5*u**2. Let j be g(-3). What is the highest common factor of j and x?
9
Let y be 3/4*(0 + 12). Calculate the greatest common factor of 45 and y.
9
Let n(o) = o**3 + 9*o**2 - o + 3. Let k be n(-9). What is the greatest common divisor of 30 and k?
6
Let i be (-3)/(-12) + 47/4. Suppose y = -3*y + i. Suppose 0*c = y*c - 90. Calculate the highest common divisor of c and 15.
15
Let r = -56 + 156. What is the greatest common divisor of 20 and r?
20
Let l be (2/(-6))/((-172)/84 - -2). Calculate the highest common factor of l and 35.
7
Let z be (-1)/(1/(-10)) - -2. What is the highest common divisor of z and 6?
6
Suppose -3*k = -k - 4. Suppose 5*a = -l + 7, -k*a + 4 = -0*a + l. Suppose a = -2*g + 37. What is the greatest common divisor of 12 and g?
6
Suppose -2*u + 6 = 2. Let p = 2 + u. What is the greatest common factor of 1 and p?
1
Let l = 5 - -1. Suppose -4*g = -o - 269, -5*o = 4*g + 55 - 294. Calculate the highest common factor of g and l.
6
Suppose v + 19 = 5*i, 4*v + 0*i + 5*i = 24. Let d(q) = 1 + v - 4 - q**2 - 18*q + 5*q. Let m be d(-6). Calculate the greatest common factor of m and 100.
20
Suppose o + o = 12. Let l be -3*(-1 - 2/o). Let c be l/(-10) + (-82)/(-5). Calculate the highest common divisor of 4 and c.
4
Let s be 1130/18 + 8/36. Calculate the highest common factor of s and 7.
7
Let a(f) = -2*f**3 - f**2 + f + 10. Let p be a(0). Calculate the highest common factor of p and 30.
10
Let d be 562/4 - (-2)/(-4). Let m = 36 + -13. Let y = -9 + m. What is the highest common factor of d and y?
14
Let v(c) = -c + 11. Let b be v(0). Let x = b - 8. Let r(y) = 7*y**2 + 2*y - 2. Let u be r(2). What is the highest common factor of u and x?
3
Suppose -2*i = 8, 3*i - 7*i = -v + 54. Calculate the greatest common factor of 418 and v.
38
Let h = 8 - 5. Suppose 0*w - h = -3*w. Suppose 77 = 5*v + 22. Calculate the greatest common factor of v and w.
1
Let r be (-40)/4*(-6)/10. What is the greatest common divisor of r and 2?
2
Let f(w) = 6*w**3 + w**2 - w. Let k be f(1). Let z be 5/((-45)/k)*-15. Calculate the greatest common divisor of 80 and z.
10
Let p be 1252/10 - (-32)/(-160). What is the highest common factor of p and 25?
25
Let t be ((3 - 3) + 18)*9. Calculate the highest common divisor of t and 18.
18
Let n(c) = -c**2 + 18*c + 3. Let j be n(18). Calculate the greatest common factor of j and 3.
3
Suppose 5*m - 2*c + 3673 = 0, 740 = 2*m - 3*m - 5*c. Let j be m/14*(-6)/5. Suppose x - 2*l - 17 = -0, -l + 2 = x. What is the highest common factor of x and j?
7
Let w = 5 - 3. Suppose -30 = -4*o + w. What is the greatest common factor of o and 12?
4
Suppose 2*i + 2 - 10 = 0. Suppose -2*y - 16 = -2*h, 2*h + 44 = -i*y - 0*h. Let u be (-3 - 5)/(1/y). What is the highest common divisor of u and 10?
10
Let t(w) = -w**3 + 11*w**2 + w + 9. Let p be t(11). Calculate the greatest common divisor of p and 5.
5
Let r(s) = -s**3 + s**2 + 2. Let t be r(0). Suppose -2*o = -a - a + 36, t*o = -3*a + 59. Calculate the greatest common factor of a and 76.
19
Let x = -9 - -24. What is the highest common divisor of x and 6?
3
Suppose -f = a - 2, 1 + 3 = 2*a. Suppose -6*j + 3*j + 180 = f. Suppose 2*k - 31 = -5*q, -4*k + 17 - j = -5*q. What is the greatest common factor of 49 and q?
7
Suppose -3*o = -2*d + 31, -5*o = -5*d + 19 + 46. Let a be ((-6)/(-4))/(d/80). Calculate the greatest common factor of a and 10.
5
Let u = -63 - -123. Suppose -4*a + 4*r + u = 0, 0 = -5*r - 13 + 3. Suppose -5*c + c = -104. Calculate the greatest common divisor of a and c.
13
Suppose -10*f + 1242 = -f. Calculate the highest common divisor of 46 and f.
46
Let z = 13 - 6. Let i be (z - 1) + 2 + -3. Suppose -r = -i*r + 320. Calculate the greatest common divisor of r and 32.
16
Let p be (-2)/7 + 23/7. Suppose 88 = -f + p*f. Suppose -5*o + f = -o. What is the greatest common divisor of 33 and o?
11
Let v(c) be the third derivative of c**6/40 - c**5/60 + c**4/12 - c**3/6 - 7*c**2. Let n be v(1). Calculate the greatest common divisor of 1 and n.
1
Let i(s) be the third derivative of s**6/120 + s**4/12 - s**3/3 + 2*s**2. Let k be i(4). What is the greatest common divisor of k and 14?
14
Let v = 12 - 21. Let c be 6/v + (-8)/(-3). Let s be c/(-4) + (-198)/(-4). What is the greatest common divisor of 7 and s?
7
Let h(p) be the third derivative of -p**5/60 + 7*p**4/12 - 4*p**3/3 - 3*p**2. Let y be h(8). Calculate the greatest common divisor of y and 16.
8
Suppose -3*a + 5*g = -22, -a + 0*g = -3*g - 14. Let t be 5*(-1 + (a - -3)). Suppose t*n - 60 = -0*n. Calculate the highest common divisor of 108 and n.
12
Suppose 3*z - 7 - 8 = 0. Suppose z = n - 0. Calculate the highest common factor of n and 10.
5
Let c(r) = -r**2 + 36*r + 30. Let d be c(23). What is the highest common divisor of d and 47?
47
Let o(y) = -y**3 + 4*y**2 + 6*y. Let v be o(5). Suppose -3*s - v*j = 185 + 54, -4*s - j = 330. Let q = -3 - s. What is the highest common divisor of q and 10?
10
Suppose -4*t + t = -15. Let m be (-6)/15 + 184/10. Suppose -2*b - 10 = -j - j, t*j - m = -2*b. Calculate the highest common factor of 12 and j.
4
Let s = 304 - 176. What is the highest common factor of s and 32?
32
Let h be 9*((-120)/(-48) - 2/12). Calculate the greatest common factor of 231 and h.
21
Let n(h) = -2*h + 45. Let j be n(0). Calculate the highest common divisor of j and 5.
5
Let j be -1 - (-5)/((-10)/(-36)). Let h = 46 - 29. Calculate the greatest common factor of h and j.
17
Let m = 4 - 4. Suppose m = 4*a - c - 215, -6*a + a + 3*c + 260 = 0. Calculate the greatest common divisor of a and 22.
11
Suppose -16 = -2*p + 8. Suppose 2*i + 2 = -0*i. Let q be 4/((-2)/(-5 - i)). Calculate the greatest common factor of p and q.
4
Let x(j) = j**2 + 4*j + 4. Let o be x(-4). Let c be (8/(-6) + 0)*-21. What is the greatest common factor of o and c?
4
Let j(r) = -2*r**3 + 49*r - 4*r**2 - 6 + r**2 - 53*r. Let p be j(-5). Calculate the greatest common factor of p and 21.
21
Let c be 6/(-2)*(-5)/3. Suppose -8*a = -5*a - 15